{"id":173,"date":"2016-05-16T18:23:43","date_gmt":"2016-05-16T16:23:43","guid":{"rendered":"http:\/\/www.stortech.sk\/?page_id=173"},"modified":"2016-05-16T19:01:52","modified_gmt":"2016-05-16T17:01:52","slug":"paletove-regaly-2-4","status":"publish","type":"page","link":"https:\/\/www.stortech.sk\/?page_id=173","title":{"rendered":"\u0160irok\u00e9 policov\u00e9 reg\u00e1ly"},"content":{"rendered":"<h2>\u0160irok\u00e9 policov\u00e9 reg\u00e1ly<\/h2>\n<p>\t\t\t\t<a href=\"http:\/\/www.stortech.sk\/wp-content\/uploads\/2016\/05\/Sioke-policove-reg-1.jpg\" target=\"_self\" itemprop=\"url\"><br \/>\n\t\t\t\t<img decoding=\"async\" src=\"http:\/\/www.stortech.sk\/wp-content\/uploads\/2016\/05\/Sioke-policove-reg-1.jpg\" alt=\"\u0160irok\u00e9 policov\u00e9 reg\u00e1ly\" itemprop=\"image\"  \/><br \/>\n\t\t\t\t<\/a><br \/>\n\t\t\t\t\u0160irok\u00e9 policov\u00e9 reg\u00e1ly<\/p>\n<p><a href=\"http:\/\/www.stortech.sk\/?page_id=147\"><strong>\u25baPaletov\u00e9 reg\u00e1ly<\/strong><\/a><br \/>\n<a href=\"http:\/\/www.stortech.sk\/?page_id=155\"><strong>\u25baPolicov\u00e9 reg\u00e1ly<\/strong><\/a><br \/>\n<a href=\"http:\/\/www.stortech.sk\/?page_id=162\"><strong>\u25baSp\u00e1dov\u00e9 reg\u00e1ly<\/strong><\/a><br \/>\n<a href=\"http:\/\/www.stortech.sk\/?page_id=168\"><strong>\u25baVjazdov\u00e9 reg\u00e1ly<\/strong><\/a><br \/>\n<a href=\"http:\/\/www.stortech.sk\/?page_id=173\"><strong>\u25ba\u0160irok\u00e9 policov\u00e9 reg\u00e1ly<\/strong><\/a><br \/>\n<a href=\"http:\/\/www.stortech.sk\/?page_id=180\"><strong>\u25baKon\u0161trukcia plo\u0161\u00edn<\/strong><\/a><br \/>\n<a href=\"http:\/\/www.stortech.sk\/?page_id=184\"><strong>\u25baShuttle<\/strong><\/a><\/p>\n<p><strong>\u0160irok\u00fd policov\u00fd reg\u00e1l je ide\u00e1lnym rie\u0161en\u00edm pre skladovanie drobn\u00e9ho a\u017e stredne ve\u013ek\u00e9ho tovar, ako s\u00fa napr\u00edklad odevy alebo obuv. Hlavn\u00fdmi pr\u00ednosmi pre pou\u017e\u00edvate\u013ea s\u00fa:<\/strong><br \/><strong> \u25cf maxim\u00e1lna \u0161\u00edrka reg\u00e1lu viac ako 3000 mm<\/strong><br \/><strong> \u25cf flexibiln\u00e9 nastavenie v\u00fd\u0161ky a h\u013abky pol\u00edc<\/strong><br \/><strong> \u25cf r\u00f4zne varianty prevedenia<\/strong><br \/><strong> \u25cf perforovan\u00e9 reg\u00e1ly pre pou\u017eitie sprinklerov alebo detektorov d\u00fdmu<\/strong><br \/><strong> Toto rie\u0161enie je mo\u017en\u00e9 jednoducho kombinova\u0165 s paletov\u00fdmi reg\u00e1lmi, posuvn\u00fdmi reg\u00e1lmi, reg\u00e1lmi drive in pr\u00edpadne s policov\u00fdmi reg\u00e1lmi.<\/strong><br \/><strong> Ak chcete automatizova\u0165 skladovanie alebo vysklad\u0148ovanie drobn\u00e9ho tovaru, tu n\u00e1jdete inform\u00e1cie o na\u0161om automatickom skladovacom syst\u00e9me pre drobn\u00fd tovar.<\/strong> <\/p>\n","protected":false},"excerpt":{"rendered":"<p>\u0160irok\u00e9 policov\u00e9 reg\u00e1ly \u0160irok\u00e9 policov\u00e9 reg\u00e1ly \u25baPaletov\u00e9 reg\u00e1ly \u25baPolicov\u00e9 reg\u00e1ly \u25baSp\u00e1dov\u00e9 reg\u00e1ly \u25baVjazdov\u00e9 reg\u00e1ly \u25ba\u0160irok\u00e9 policov\u00e9 reg\u00e1ly \u25baKon\u0161trukcia plo\u0161\u00edn \u25baShuttle \u0160irok\u00fd policov\u00fd reg\u00e1l je ide\u00e1lnym rie\u0161en\u00edm pre skladovanie drobn\u00e9ho a\u017e stredne ve\u013ek\u00e9ho tovar, ako s\u00fa napr\u00edklad odevy alebo obuv. Hlavn\u00fdmi pr\u00ednosmi pre pou\u017e\u00edvate\u013ea s\u00fa: \u25cf maxim\u00e1lna \u0161\u00edrka reg\u00e1lu viac ako 3000 mm \u25cf flexibiln\u00e9 nastavenie <a class=\"moretag\" href=\"https:\/\/www.stortech.sk\/?page_id=173\">Read More &#8230;<\/a><\/p>\n","protected":false},"author":1,"featured_media":0,"parent":0,"menu_order":0,"comment_status":"closed","ping_status":"closed","template":"full-width-page.php","meta":{"footnotes":""},"aioseo_notices":[],"_links":{"self":[{"href":"https:\/\/www.stortech.sk\/index.php?rest_route=\/wp\/v2\/pages\/173"}],"collection":[{"href":"https:\/\/www.stortech.sk\/index.php?rest_route=\/wp\/v2\/pages"}],"about":[{"href":"https:\/\/www.stortech.sk\/index.php?rest_route=\/wp\/v2\/types\/page"}],"author":[{"embeddable":true,"href":"https:\/\/www.stortech.sk\/index.php?rest_route=\/wp\/v2\/users\/1"}],"replies":[{"embeddable":true,"href":"https:\/\/www.stortech.sk\/index.php?rest_route=%2Fwp%2Fv2%2Fcomments&post=173"}],"version-history":[{"count":4,"href":"https:\/\/www.stortech.sk\/index.php?rest_route=\/wp\/v2\/pages\/173\/revisions"}],"predecessor-version":[{"id":192,"href":"https:\/\/www.stortech.sk\/index.php?rest_route=\/wp\/v2\/pages\/173\/revisions\/192"}],"wp:attachment":[{"href":"https:\/\/www.stortech.sk\/index.php?rest_route=%2Fwp%2Fv2%2Fmedia&parent=173"}],"curies":[{"name":"wp","href":"https:\/\/api.w.org\/{rel}","templated":true}]}}